64, -5*r - 10 = 0. Suppose -3715 - 3770 = -h*f. What are the prime factors of f?
499
Let a be -4 - (2 - (0 + -8)). List the prime factors of 2/a - 12/42*-1446.
7, 59
Let o = 12909 + 1511. What are the prime factors of o?
2, 5, 7, 103
Suppose 3*o = -n + 5, 5*n + o = -3*o + 14. Suppose 6*x = -n*x + 400. What are the prime factors of x?
2, 5
Let d(u) = u**3 + 10*u**2 + 13*u + 45. Let q be d(-7). Let h = 339 + -172. Let z = h - q. What are the prime factors of z?
2, 3, 11
Let j(o) be the third derivative of o**5/12 - 19*o**4/24 + 2*o**3/3 - 3*o**2 + 8*o. What are the prime factors of j(-9)?
2, 5, 29
Let k be (11 - 22)*(-1 + -1 + 1). Suppose k*b + 12*b - 13662 = 0. What are the prime factors of b?
2, 3, 11
Let s = 11075 + -5230. What are the prime factors of s?
5, 7, 167
Let m(p) = 43*p**3 + 2*p**2 + 121*p - 634. List the prime factors of m(5).
2, 19, 71
Suppose 32*j - 5*l = 37*j - 71860, 3*j - 43116 = l. List the prime factors of j.
2, 3593
Let c(m) = 52*m**3 + 2*m**2 - 33*m + 160. List the prime factors of c(5).
5, 7, 11, 17
Let k(c) = -963*c - 798. What are the prime factors of k(-14)?
2, 3, 7, 151
What are the prime factors of (0 - -2)*((-2)/(-6) + 47270/12)?
7879
Let x(k) = 10*k**3 - 7*k**2 + 27*k - 2. List the prime factors of x(10).
2, 13, 23
Let f(i) = 187*i + 95. Suppose 0 = -6*b + 794 - 740. List the prime factors of f(b).
2, 7, 127
Let z be 6/(-9) - 154/(-6). Let y(o) = -5*o**2 - 107*o + 212. Let h be y(2). Let c = z + h. What are the prime factors of c?
3
Let u(f) = f**3 - 6*f**2 + 11*f - 10. Let a(q) = 2*q**3 - 13*q**2 + 23*q - 21. Let h(o) = 4*a(o) - 9*u(o). What are the prime factors of h(-6)?
2, 3, 7
Let f = -32 - -19. Let b = 53 + f. Let s = 35 + b. What are the prime factors of s?
3, 5
Suppose 0 = 888*z - 900*z + 13897 + 84395. List the prime factors of z.
8191
Let z be 4 - (-3)/(0 + -3) - -1. Suppose p = 4*i, 0 = -i + 5*i - z*p. Suppose 2*y - 2*t - 160 = i, 2*y = 4*t + 115 + 51. List the prime factors of y.
7, 11
Suppose 3*o = 4*z + 3828, -5*z - 3*o = -7*z - 1908. What are the prime factors of 135*1*z/(-144)?
2, 3, 5
Let z(p) = 5469*p - 6939. What are the prime factors of z(7)?
2, 3, 653
Let r(u) = 246*u + 55. Let l = 299 + -295. List the prime factors of r(l).
1039
Let c = -84 + 104. Suppose -25 = -k - c. Let a(v) = 39*v + 25. What are the prime factors of a(k)?
2, 5, 11
Suppose -9*p + 406 = -2*p. Let w = p + -55. Suppose 5*o - 414 = -0*o - i, -w*o - i + 248 = 0. List the prime factors of o.
83
Suppose 920652 = 23*a + 57485. What are the prime factors of a?
37529
Suppose -2*s - 4*h - 608 = 0, 21*s = 17*s - 3*h - 1241. Let m = 339 + s. List the prime factors of m.
5
Suppose 4556*v - 221968 = 4540*v. List the prime factors of v.
13873
Let z be (8/6)/((-2)/(-6)). Suppose 2*f - h - z = h, 0 = -4*h. Suppose 4*o = 4*c - 24, -2*o - 29 = -5*c + f*o. What are the prime factors of c?
5
Suppose -i + 7 - 7 = 0. Suppose i = 3*a + 18 - 123. List the prime factors of a.
5, 7
Suppose 1619 + 2612 = 5*l + 3*u, -5*u = 4*l - 3377. Suppose 3*j - 1003 - 268 = -5*m, 2*j + 3*m - l = 0. List the prime factors of j.
7, 61
Let p(j) be the third derivative of 1453*j**4/24 + 11*j**3/2 + 191*j**2. List the prime factors of p(1).
2, 743
What are the prime factors of (6381492/(-570))/((-4)/10) + 3?
2, 3499
Suppose -2*r + 16 + 4 = 0. Let t(k) = 3*k - 3. Let l(o) = -2*o + 8. Let a(s) = -5*l(s) - t(s). List the prime factors of a(r).
3, 11
Let f be ((-7)/21)/((-1)/(-27)). Let o be (f/(9/(-22)))/2. Suppose 5*s - 101 = -o. What are the prime factors of s?
2, 3
Let p be (-1681)/(-369) + (-2 - (-44)/18). Suppose -2*g = 0, -d + 73 = -p*g - 869. What are the prime factors of d?
2, 3, 157
Let x(n) = 22984*n**2 - 41*n - 64. What are the prime factors of x(-2)?
2, 23, 1999
Suppose 5*s - 2*x - 53361 - 24614 = 0, -s + 15587 = -2*x. List the prime factors of s.
3, 1733
Suppose -5*o = -5*p + 18009 + 13331, 2*o - 25054 = -4*p. List the prime factors of p.
5, 7, 179
Suppose -5*u - 207 = 4*m, 0 = 2*m + 2*u - 6 + 108. Let y = -106 - m. Let r = y + 121. List the prime factors of r.
3, 7
Let a = 188 + -180. List the prime factors of (-317)/(-11) - ((-64)/44)/a.
29
Let x = 12 - 7. Suppose -5*h = -3*y - 1397, -2*y + 187 = 2*h + 1113. List the prime factors of (-17)/(-85) - y/x.
3, 31
Let o(b) = 84*b**2 - 27*b + 389. What are the prime factors of o(11)?
2, 641
Suppose -5*y + 11 = 4*x, -4*y = -x - 4*x - 17. What are the prime factors of (x - 0) + ((-1018)/(-2) - 10)?
2, 3, 83
Let q(j) = 4*j - 36. Let y be q(11). Let d(t) = 13*t**2 - 21*t + 10. What are the prime factors of d(y)?
2, 337
Let s be (-284394)/(-242) + 1/(33/(-6)). Let n = s - 703. List the prime factors of n.
2, 59
Suppose 3*p + 3*a - 138 = 0, 2 = -3*p - 2*a + 140. Let y = -30 + 12. Let n = y + p. List the prime factors of n.
2, 7
Let d = 4 + -10. Let n(l) = -l**2 - 13*l + 30. Let u be n(-14). What are the prime factors of 237*(u/d + 3 + 0)?
79
Suppose 152*l = -23*l - 3105360 + 12080935. List the prime factors of l.
7, 17, 431
Suppose 194*g - 75*g - 3378053 = 0. What are the prime factors of g?
28387
Suppose -5*o = -q + 660, -169*o = 3*q - 170*o - 2008. List the prime factors of q.
2, 5, 67
Let o be (-29)/145 + (-1 - 101/(-5)). Let a = o + -17. Suppose -a*t + 4*y = -240, t + 4*t + 5*y = 645. List the prime factors of t.
2, 3, 7
List the prime factors of (-5)/((-525)/(-10)) - 205839/(-189) - 5.
2, 271
Suppose 260*j + 88*j - 18504915 = -81*j. What are the prime factors of j?
5, 8627
List the prime factors of (-39188)/(-11*(-6 - (-136)/22)).
2, 97, 101
Let p(r) = 3*r - 2. Let s be p(0). Let d be 5/(20/16)*s/(-4). Suppose 0 = 2*x - 5*x - d*l + 173, -5*x + 279 = l. What are the prime factors of x?
5, 11
Let s(r) = -r**3 + 22*r**2 - 21*r + 2. Let k be s(21). Let n be k*5/(-2)*5032/(-170). Suppose -2*t + 114 = -n. List the prime factors of t.
131
Let m(u) = -4*u**3 + 2*u**2 + 3*u + 4. Let a be m(-3). Let q = -66 + a. Suppose 3*j - 23 = q. What are the prime factors of j?
2, 13
Let a(h) = 89*h + 626. Let d be a(-7). Let i(r) = r**2 - 2*r - 3. Let g be i(4). Suppose 0 = -l - 1, 0 = -d*b + g*l + 300 + 287. List the prime factors of b.
2, 97
Let d = 100832 + -60480. What are the prime factors of d?
2, 13, 97
Let x = -574 - -1003. Suppose x = -7*i + 2732. List the prime factors of i.
7, 47
Suppose 53*j - 59*j + 5262 = 0. Let z = j + -622. List the prime factors of z.
3, 5, 17
Suppose -5*m + 65 = -5*j, m - 3*j = 24 - 3. Suppose 4*k + 1 = m. Suppose 0 = k*u - 2*f - 214, 5*f - 343 = -3*u - 46. List the prime factors of u.
2, 13
Let b(x) = -62*x + 3885. What are the prime factors of b(-95)?
5, 17, 23
Suppose 32*m + 3*l - 16589 = 30*m, -2*m = 4*l - 16590. What are the prime factors of m?
8293
Suppose 9*f - 6*f - 3*o + 999 = 0, 2*f = o - 669. What are the prime factors of (-960)/((-14)/(f/(-18)))?
2, 5
Let u = 575 - 579. What are the prime factors of (-828 + 0)*u/8?
2, 3, 23
Let t be 12/(-2) + -5 + 9. Let w(y) = -1272*y + 4. Let p be w(t). List the prime factors of p/70*(-10)/(-4).
7, 13
Suppose -342228 + 2594241 = 56*b + b. List the prime factors of b.
39509
Let s be (-5)/(-1)*-37*(-8)/20. Suppose -8*o + s = 2*t - 4*o, t + o = 33. Suppose t*i + 18 = 30*i. What are the prime factors of i?
2, 3
What are the prime factors of (-8)/(-80) + (-428)/100*(-142850)/20?
2, 3, 5, 1019
Let f be 8/20 - 193/(-5). Let q = f - 30. What are the prime factors of (q/((-18)/280))/(-1 + 0)?
2, 5, 7
Let a = -5349 - -5321. Let v be 0 - 16*2/(-2). Let p = v - a. List the prime factors of p.
2, 11
Let k = 52672 - 31747. Suppose -44*x + k = 729. List the prime factors of x.
3, 17
Let s(y) = -y**3 - 7*y**2 - 16*y - 68. Let g be s(-10). Suppose z - 3*c = 997, -5*c = -z + g + 613. List the prime factors of z.
5, 197
Suppose -5*c = 29 - 109. Let a = 19 - c. Suppose -2*t - a*d = d - 30, 0 = -4*t - d + 95. What are the prime factors of t?
5
List the prime factors of 320/24*7956/5.
2, 3, 13, 17
Suppose -3*i - 12*i = -105. Suppose -6*b + i*b = 165. What are the prime factors of b?
3, 5, 11
Suppose -14 + 20 = 2*i. Suppose k - 87 = -i. Let j = k - 27. List the prime factors of j.
3, 19
Suppose 1 = -9*b + 64. Suppose 5*l - b*l = -16. List the prime factors of (l/4 - -2)*(-14)/(-2).
2, 7
Suppose 4*v + 1 = 5. Let r be (2 - v) + -3 - 2. Let m(s) = -29*s - 19. List the prime f